1106700?
False
Does 2517 divide 414449438?
False
Is 68 a factor of 86918688?
True
Is 11916889 a multiple of 61?
False
Is 237 a factor of 19632484?
False
Is 116726351 a multiple of 1589?
True
Is 4777236482 a multiple of 43?
False
Does 415 divide 22563301?
False
Does 79 divide 963901049?
False
Does 160 divide 81010080?
True
Does 1070 divide 1465482700?
True
Is 2524939186 a multiple of 847?
True
Is 932750922 a multiple of 159?
True
Is 1075 a factor of 919448744?
False
Is 209 a factor of 618112294?
False
Does 80 divide 20397600?
True
Does 1440 divide 468730711?
False
Is 13207 a factor of 2234093208?
False
Does 910 divide 844190532?
False
Does 788 divide 17949852?
True
Is 25211401 a multiple of 1305?
False
Is 37 a factor of 46844109?
True
Is 72759302 a multiple of 1211?
True
Is 77877300 a multiple of 15?
True
Is 174779220 a multiple of 10?
True
Does 228 divide 124670886?
False
Is 50342848 a multiple of 1088?
True
Is 220 a factor of 124545916?
False
Is 46013815 a multiple of 51?
False
Is 67 a factor of 24836090?
False
Does 16 divide 311050627?
False
Is 18006594 a multiple of 983?
True
Is 113 a factor of 10841446?
True
Is 41172061 a multiple of 217?
True
Is 1775329772 a multiple of 4484?
False
Does 75 divide 2116425?
True
Is 1090 a factor of 267041280?
True
Is 4131008 a multiple of 10?
False
Does 45 divide 93148515?
True
Is 74 a factor of 16928980?
True
Is 117 a factor of 7021638?
True
Does 1297 divide 29296636?
True
Does 764 divide 36911896?
True
Does 25 divide 17487625?
True
Is 18 a factor of 419504862?
False
Is 3243687696 a multiple of 1737?
True
Is 118929048 a multiple of 21?
True
Does 118 divide 126897672?
True
Is 249035589 a multiple of 99?
True
Is 25064253 a multiple of 43?
False
Is 164846365 a multiple of 125?
False
Does 58 divide 280114046?
False
Does 9 divide 31029624?
True
Is 2618 a factor of 1726620356?
False
Is 182 a factor of 31261412?
True
Does 11 divide 143927217?
False
Does 206 divide 57043071?
False
Is 684 a factor of 66657682?
False
Is 67 a factor of 57090390?
False
Does 94 divide 212100469?
False
Does 380 divide 346704400?
True
Is 5972438 a multiple of 26?
False
Is 48164467 a multiple of 12?
False
Does 68 divide 346563115?
False
Does 508 divide 33411668?
True
Is 7 a factor of 42033625?
False
Does 73 divide 4158404266?
True
Is 11077436 even?
True
Is 32892022 a multiple of 643?
True
Is 54 a factor of 35284138?
False
Is 19 a factor of 118890467?
True
Is 11 a factor of 21277497?
False
Is 941654910 a multiple of 35?
True
Is 26 a factor of 242418432?
False
Does 334 divide 3067790?
True
Is 322101532 a multiple of 50?
False
Does 586 divide 77126390?
True
Is 633728252 a multiple of 17?
False
Does 27 divide 205812637?
False
Is 1566 a factor of 230065758?
True
Is 57 a factor of 248276241?
False
Is 18201700 a multiple of 22?
True
Is 4538089902 a multiple of 177?
True
Is 346 a factor of 108188241?
False
Is 8456572 a multiple of 54?
False
Is 10092726 a multiple of 18?
True
Does 4 divide 451141897?
False
Is 388 a factor of 879401224?
True
Does 66 divide 21708888?
False
Is 685872 a multiple of 44?
True
Is 216137572 a multiple of 37?
True
Is 362 a factor of 38047286?
True
Does 313 divide 97442847?
True
Is 7319 a factor of 552975102?
False
Is 414159430 a multiple of 5331?
False
Does 59 divide 55441887?
True
Is 775 a factor of 295304788?
False
Does 47 divide 6142853?
True
Is 5759000 a multiple of 4?
True
Is 1776091834 a multiple of 58?
True
Is 56 a factor of 57872781?
False
Is 9 a factor of 3973276845?
True
Is 148 a factor of 8644680?
True
Is 59 a factor of 1319185792?
False
Is 2339920 a multiple of 982?
False
Is 1116 a factor of 279410688?
True
Is 14317010 a multiple of 10?
True
Is 542 a factor of 34468378?
False
Is 22 a factor of 58184400?
False
Does 12 divide 38166896?
False
Does 3306 divide 273938466?
True
Is 63336017 a multiple of 249?
False
Is 35647560 a multiple of 90?
True
Is 6738 a factor of 3157796414?
False
Is 82 a factor of 2405778?
False
Is 6644295677 a multiple of 11?
False
Is 847 a factor of 2193675?
False
Does 312 divide 14745854?
False
Is 34517532 a multiple of 7563?
True
Does 238 divide 9994572?
True
Is 21178792 a multiple of 9419?
False
Is 131350292 a multiple of 13?
False
Does 30 divide 123922179?
False
Is 464926299 a multiple of 381?
True
Does 117 divide 289805373?
True
Does 758 divide 245269092?
True
Is 43 a factor of 4046027?
False
Is 37989912 a multiple of 8?
True
Does 12 divide 65050344?
True
Is 81267720 a multiple of 8?
True
Is 13 a factor of 33835386?
True
Does 8369 divide 879724173?
True
Is 31 a factor of 2036828619?
True
Does 183 divide 4056240825?
False
Does 50 divide 276254983?
False
Is 22 a factor of 1297716?
False
Is 44 a factor of 739719376?
True
Does 1519 divide 1181193181?
False
Is 19 a factor of 92543119?
False
Is 1241679596 a multiple of 61?
False
Is 75 a factor of 168789600?
True
Is 1423 a factor of 206542758?
True
Does 4860 divide 106113240?
True
Is 303693831 a multiple of 35?
False
Is 75529042 a multiple of 61?
False
Does 622 divide 719541418?
True
Is 15 a factor of 72632492?
False
Is 20338171 a multiple of 617?
True
Does 64 divide 90381160?
False
Does 11 divide 156139389?
False
Is 25 a factor of 60098450?
True
Is 782338618 a multiple of 160?
False
Does 42 divide 100965344?
False
Does 248 divide 67618748?
False
Does 3862 divide 3745592004?
False
Is 1155296814 a multiple of 294?
True
Is 6523702 a multiple of 215?
False
Is 13885 a factor of 1914172215?
True
Is 1469638582 a multiple of 5?
False
Does 6361 divide 1506392937?
True
Does 138 divide 326274?
False
Is 197042512 a multiple of 2624?
False
Is 11 a factor of 5557239057?
False
Does 13 divide 12773339?
False
Is 257 a factor of 11741302?
True
Is 1482 a factor of 242769384?
True
Is 373600078 a multiple of 13374?
False
Is 52306065 a multiple of 15?
True
Is 910894321 a multiple of 577?
True
Does 33 divide 6413556?
False
Is 21681226 a multiple of 433?
False
Is 83 a factor of 59180992?
True
Is 18 a factor of 44392410?
True
Is 1362516 a multiple of 17?
True
Is 1010 a factor of 19665505?
False
Is 1977 a factor of 146468022?
True
Is 509 a factor of 31473539?
False
Does 79 divide 9635855?
False
Is 22786787 a multiple of 162?
False
Is 189123 a multiple of 121?
True
Is 185037060 a multiple of 628?
True
Does 2420 divide 404219860?
True
Is 111055725 a multiple of 495?
True
Is 124327370 a multiple of 37?
False
Does 36 divide 567094608?
True
Is 58134169 a multiple of 50?
False
Does 664 divide 63626828?
False
Is 2613847670 a multiple of 4655?
True
Does 152 divide 4300232?
True
Is 401 a factor of 825509508?
False
Is 1957716649 a multiple of 428?
False
Is 2343 a factor of 6207744?
False
Is 10448235 a multiple of 348?
False
Is 568 a factor of 180624?
True
Is 13 a factor of 1401722438?
False
Does 980 divide 9687122?
False
Does 23 divide 992481809?
True
Is 218 a factor of 108541488?
False
Is 159 a factor of 13104217?
False
Is 1246575805 a multiple of 272?
False
Is 1248851649 a multiple of 98?
False
Does 1038 divide 152363868?
True
Is 11510092 a multiple of 740?
False
Is 16293200 a multiple of 184?
True
Is 141654305 a multiple of 599?
False
Does 15 divide 27229597?
False
Does 30 divide 276646552?
False
Does 16 divide 26311783?
False
Does 1004 divide 32696264?
True
Is 42073497 a multiple of 31?
False
Is 1280716 a multiple of 82?
False
Does 2434 divide 6406288?
True
Is 4881374 a multiple of 160?
False
Is 9778836 a multiple of 3?
True
Does 1943 divide 18985053?
True
Is 78 a factor of 11420292?
True
Does 386 divide 28515561?
False
Is 1967 a factor of 2823852738?
True
Does 265 divide 29107070?
True
Is 69262045 a multiple of 791?
False
Is 722 a factor of 121388045?
False
Is 46 a factor of 79802547?
False
Is 59 a factor of 675936332?
True
Does 30 divide 29288310?
True
Is 6 a factor of 1326642249?
False
Does 146 divide 225860540?
True
Is 2183454 a multiple of 138?
False
Is 15 a factor of 3066388485?
True
Is 378 a factor of 7578144?
True
Is 70506800 a multiple of 3725?
True
Does 14 divide 15398994?
False
Is 1321502 a multiple of 137?
True
Does 476 divide 524562948?
True
Does 4466 divide 699009388?
True
Does 128 divide 5614229?
False
Is 72 a factor of 956976120?
True
Is 597 a factor of 461750844?
True
Is 107109624 a multiple of 6?
True
Is 1697088672 a multiple of 18?
True
Is 7877 a fact